{"id":483,"date":"2021-01-10T08:34:54","date_gmt":"2021-01-10T07:34:54","guid":{"rendered":"https:\/\/snudifo84.com\/?page_id=483"},"modified":"2026-09-03T11:50:51","modified_gmt":"2026-09-03T09:50:51","slug":"accueil","status":"publish","type":"page","link":"https:\/\/snudifo84.com\/","title":{"rendered":"Accueil"},"content":{"rendered":"<div class=\"moz-forward-container\">\n<div class=\"moz-forward-container\">\n<div class=\"moz-forward-container\">\n<div id=\"content\" class=\"hentry\">\n<div class=\"content-headline\" style=\"text-align: center;\">\n<div class=\"xdj266r x14z9mp xat24cr x1lziwak x1vvkbs x126k92a\">\n<h1>Non \u00e0 la Protection Sociale Compl\u00e9mentaire obligatoire ! P\u00e9tition nationale de la FNEC FP-FO<\/h1>\n<\/div>\n<p><a href=\"https:\/\/www.fo-fnecfp.fr\/petition-psc\/\"><img loading=\"lazy\" decoding=\"async\" class=\"aligncenter wp-image-4436 size-large\" src=\"https:\/\/snudifo84.com\/wp-content\/uploads\/2026\/09\/214dd500-11c1-4ec7-8dde-02303d402de3-1024x576.png\" alt=\"\" width=\"734\" height=\"413\" srcset=\"https:\/\/snudifo84.com\/wp-content\/uploads\/2026\/09\/214dd500-11c1-4ec7-8dde-02303d402de3-1024x576.png 1024w, https:\/\/snudifo84.com\/wp-content\/uploads\/2026\/09\/214dd500-11c1-4ec7-8dde-02303d402de3-300x169.png 300w, https:\/\/snudifo84.com\/wp-content\/uploads\/2026\/09\/214dd500-11c1-4ec7-8dde-02303d402de3-768x432.png 768w, https:\/\/snudifo84.com\/wp-content\/uploads\/2026\/09\/214dd500-11c1-4ec7-8dde-02303d402de3-1536x864.png 1536w, https:\/\/snudifo84.com\/wp-content\/uploads\/2026\/09\/214dd500-11c1-4ec7-8dde-02303d402de3-1170x658.png 1170w, https:\/\/snudifo84.com\/wp-content\/uploads\/2026\/09\/214dd500-11c1-4ec7-8dde-02303d402de3.png 1672w\" sizes=\"auto, (max-width: 734px) 100vw, 734px\" \/><\/a><\/p>\n<div class=\"xdj266r x14z9mp xat24cr x1lziwak x1vvkbs x126k92a\">\n<div class=\"moz-signature\">\n<p>L\u2019accord du 8 avril 2024 sur la Protection Sociale Compl\u00e9mentaire, entr\u00e9 en vigueur le 1er mai dernier, impose \u00e0 tous les agents l\u2019adh\u00e9sion obligatoire au volet sant\u00e9 du contrat PSC et le d\u00e9couplage sant\u00e9\/pr\u00e9voyance. La FNEC FP-FO est la seule organisation syndicale \u00e0 avoir refus\u00e9 de le signer. En effet, la mise en place de cette PSC est une grave remise en cause du principe de solidarit\u00e9 de la S\u00e9curit\u00e9 sociale de 1945 : cotiser selon ses moyens et recevoir selon ses besoins. Face \u00e0 la pr\u00e9carisation des personnels, c\u2019est au contraire vers le 100% S\u00e9cu qu\u2019il faut tendre.<\/p>\n<p><b>Nous ne voulons pas de l\u2019adh\u00e9sion obligatoire \u00e0 la PSC !<\/b><br \/>\n<b>Nous exigeons la d\u00e9nonciation de l\u2019accord !<br \/>\n<\/b><strong>Nous voulons\u00a0:<\/strong><\/p>\n<\/div>\n<p>\u2705La libert\u00e9 d\u2019adh\u00e9sion \u00e0\u00a0la compl\u00e9mentaire<\/p>\n<p>\u2705Le couplage sant\u00e9-pr\u00e9voyance\u00a0: nous refusons de payer deux cotisations qui engendrent des co\u00fbts suppl\u00e9mentaires<\/p>\n<p>\u2705Une meilleure et la m\u00eame couverture pour tous selon le principe de solidarit\u00e9\u00a0: pas d\u2019options pour \u00eatre mieux rembours\u00e9s\u00a0!<\/p>\n<p>\u274cNous refusons tout questionnaire de sant\u00e9, toute exclusion de pathologie ou surcotisation.<\/p>\n<p>\u2705Le respect de notre volont\u00e9\u00a0: aucune option impos\u00e9e\u00a0! Pas de pr\u00e9voyance individuelle impos\u00e9e\u00a0!<\/p>\n<p>\u2705Pour les ma\u00eetres du priv\u00e9 sous contrat, le maintien de leur pr\u00e9voyance dans les conditions de l\u2019accord de\u00a02012.<\/p>\n<p>\u2705Le r\u00e9tablissement de l\u2019indemnisation \u00e0\u00a0100\u00a0% en cas d\u2019arr\u00eat maladie\u00a0! Abrogation du jour de carence\u00a0!<\/p>\n<p>L\u2019accord sur la PSC peut \u00eatre remis en question si 50% au moins des organisations syndicales signataires venaient \u00e0\u00a0le d\u00e9noncer.<\/p>\n<p>L\u2019accord PSC doit \u00eatre d\u00e9nonc\u00e9 et ren\u00e9goci\u00e9 sur la base de la libert\u00e9 d\u2019adh\u00e9sion \u00e0\u00a0la compl\u00e9mentaire, garantissant le couplage sant\u00e9-pr\u00e9voyance, la solidarit\u00e9 entre agents, le m\u00eame panier de soins pour tous sans syst\u00e8me d\u2019options ou de surcotisation\u00a0!<\/p>\n<p>Rejoignez les 10 858 signataires : signez la p\u00e9tition : <a href=\"https:\/\/www.fo-fnecfp.fr\/petition-psc\/\">https:\/\/www.fo-fnecfp.fr\/petition-psc\/<\/a><\/p>\n<p>&nbsp;<\/p>\n<hr \/>\n<h1 class=\"ox-a96390b2ee-ox-cca84ae368-MsoNormal\">Promotions \u00e0 la Hors classe et \u00e0 la classe exceptionnelle<br \/>\nau titre de l&rsquo;ann\u00e9e 2026<\/h1>\n<p>&nbsp;<\/p>\n<p>Comment est reclass\u00e9 un coll\u00e8gue promu \u00e0 la <strong>Hors-Classe<\/strong>, ou \u00e0 la <strong>classe exceptionnelle<\/strong> ? Quelle est <strong>la grille du traitement<\/strong> ?<\/p>\n<p>Le <strong><a href=\"https:\/\/buldep84.ac-aix-marseille.fr\/index.php\/accueil\/details\/id\/687\/p\/1\/ps\/1\/r\/\">Bulletin D\u00e9partemental sp\u00e9cial N\u00b0 101 du 10 juillet 2026 <\/a><\/strong>est paru, ainsi que deux arr\u00eat\u00e9s; <strong><span style=\"color: #ff0000;\">pour tout savoir :<\/span><\/strong><\/p>\n<h2><a href=\"https:\/\/snudifo84.com\/index.php\/2026\/07\/10\/promotions-a-la-hors-classe-et-a-la-classe-exceptionnelle-au-titre-de-lannee-2026\/\"><strong>Consultez notre article complet &gt; ici &lt;\u00a0<\/strong><\/a><\/h2>\n<h3><a href=\"https:\/\/snudifo84.com\/index.php\/2026\/07\/10\/promotions-a-la-hors-classe-et-a-la-classe-exceptionnelle-au-titre-de-lannee-2026\/\"><img loading=\"lazy\" decoding=\"async\" class=\"alignnone wp-image-4405 size-full\" src=\"https:\/\/snudifo84.com\/wp-content\/uploads\/2026\/07\/Design-sans-titre-1.png\" alt=\"\" width=\"360\" height=\"141\" srcset=\"https:\/\/snudifo84.com\/wp-content\/uploads\/2026\/07\/Design-sans-titre-1.png 360w, https:\/\/snudifo84.com\/wp-content\/uploads\/2026\/07\/Design-sans-titre-1-300x118.png 300w\" sizes=\"auto, (max-width: 360px) 100vw, 360px\" \/><\/a><\/h3>\n<hr \/>\n<div class=\"x14z9mp xat24cr x1lziwak x1vvkbs xtlvy1s x126k92a\">\n<div dir=\"auto\"><img loading=\"lazy\" decoding=\"async\" class=\"alignnone size-large wp-image-4253\" style=\"font-family: Oswald, Arial, Helvetica, sans-serif; font-size: 27px;\" src=\"https:\/\/snudifo84.com\/wp-content\/uploads\/2026\/04\/bandeau-CDEN-2026-1-1024x323.png\" alt=\"\" width=\"734\" height=\"232\" srcset=\"https:\/\/snudifo84.com\/wp-content\/uploads\/2026\/04\/bandeau-CDEN-2026-1-1024x323.png 1024w, https:\/\/snudifo84.com\/wp-content\/uploads\/2026\/04\/bandeau-CDEN-2026-1-300x95.png 300w, https:\/\/snudifo84.com\/wp-content\/uploads\/2026\/04\/bandeau-CDEN-2026-1-768x242.png 768w, https:\/\/snudifo84.com\/wp-content\/uploads\/2026\/04\/bandeau-CDEN-2026-1.png 1098w\" sizes=\"auto, (max-width: 734px) 100vw, 734px\" \/><\/div>\n<\/div>\n<div dir=\"auto\">La carte scolaire voulue par le Dasen pour la rentr\u00e9e 2026 : <span class=\"html-span xdj266r x14z9mp xat24cr x1lziwak xexx8yu xyri2b x18d9i69 x1c1uobl x1hl2dhg x16tdsg8 x1vvkbs\"><a class=\"x1i10hfl xjbqb8w x1ejq31n x18oe1m7 x1sy0etr xstzfhl x972fbf x10w94by x1qhh985 x14e42zd x9f619 x1ypdohk xt0psk2 x3ct3a4 xdj266r x14z9mp xat24cr x1lziwak xexx8yu xyri2b x18d9i69 x1c1uobl x16tdsg8 x1hl2dhg xggy1nq x1a2a7pz xkrqix3 x1sur9pj x1fey0fg x1s688f\" tabindex=\"0\" role=\"link\" href=\"https:\/\/snudifo84.com\/wp-content\/uploads\/2026\/04\/FO-informe.pdf?fbclid=IwZXh0bgNhZW0CMTAAYnJpZBEwc2dQMHYyYTdMWmJIQklORnNydGMGYXBwX2lkEDIyMjAzOTE3ODgyMDA4OTIAAR45o1jY-U0Qf5XgzfJNkz6B8lqRz4_Cl2k0-cy7l_EjMK3yOXMXePE8ZLCn9w_aem_OU_MMC1wRf1VYMZRUiXtgQ\" target=\"_blank\" rel=\"nofollow noopener noreferrer\">https:\/\/snudifo84.com\/wp&#8230;\/uploads\/2026\/04\/FO-informe.pdf<\/a><\/span><\/div>\n<h2 dir=\"auto\">Pour FO, le combat engag\u00e9 contre des fermetures, pour des ouvertures continue. Que le Pouvoir se le dise, ni le CSA, ni le CDEN du 9 avril ne marqueront la fin de la mobilisation !<\/h2>\n<div dir=\"auto\"><\/div>\n<div dir=\"auto\">Lire notre <a href=\"https:\/\/snudifo84.com\/index.php\/2026\/04\/10\/preparation-de-la-rentree-2026-compte-rendu-de-mandat-des-representants-fo\/\">compte-rendu complet<\/a> <a href=\"https:\/\/snudifo84.com\/index.php\/2026\/04\/10\/preparation-de-la-rentree-2026-compte-rendu-de-mandat-des-representants-fo\/\">&gt;ici&lt;<\/a><\/div>\n<\/div>\n<hr \/>\n<h1><strong>Contre la d\u00e9partementalisation du remplacement :<br \/>\nSignez et faites signer la p\u00e9tition !<br \/>\n<a href=\"https:\/\/snudifo84.com\/wp-content\/uploads\/2026\/02\/Appel-Petition-pour-le-maintien-des-TR-et-BDFC.pdf\">\u00e0 t\u00e9l\u00e9charger ici<\/a> et \u00e0 renvoyer au syndicat<\/strong><\/h1>\n<p>&nbsp;<\/p>\n<div class=\"content-headline\" style=\"text-align: center;\">Nous sommes tous concern\u00e9s par le projet de d\u00e9partementalisation, ne laissons pas nos coll\u00e8gues TR et BD isol\u00e9s<br \/>\nP\u00e9titions \u00e0 retourner \u00e0 : snudi.fo84@free.fr ou SNUDI-FO BP 80010 &#8211; 84004 Avignon cedex 1<br \/>\n<strong>A ce jour le SNUDI-FO a d\u00e9j\u00e0 recueilli 553 signatures. On continue, on l\u00e2che rien !<\/strong><\/p>\n<h1><strong>A l&rsquo;appel du SNUDI-FO, de la FSU-SNUipp et du SE-UNSA<br \/>\nGr\u00e8ve et rassemblement <\/strong><strong>vendredi 13 mars <\/strong><br \/>\n<strong>devant la Direction Acad\u00e9mique pendant le groupe de travail<br \/>\nsur la d\u00e9partementalisation du remplacement :<\/strong><\/h1>\n<div style=\"width: 734px;\" class=\"wp-video\"><video class=\"wp-video-shortcode\" id=\"video-483-1\" width=\"734\" height=\"413\" preload=\"metadata\" controls=\"controls\"><source type=\"video\/mp4\" src=\"https:\/\/snudifo84.com\/wp-content\/uploads\/2026\/03\/video-TR-BD-13-mars-2026.mp4?_=1\" \/><a href=\"https:\/\/snudifo84.com\/wp-content\/uploads\/2026\/03\/video-TR-BD-13-mars-2026.mp4\">https:\/\/snudifo84.com\/wp-content\/uploads\/2026\/03\/video-TR-BD-13-mars-2026.mp4<\/a><\/video><\/div>\n<p>&nbsp;<\/p>\n<p>Chers coll\u00e8gues,<\/p>\n<p>Le projet de d\u00e9partementalisation du remplacement et de fusion des TR et Brigades suit son cours du c\u00f4t\u00e9 de l&rsquo;administration. Face \u00e0 cette volont\u00e9 de casser nos statuts et de flexibiliser nos conditions de travail, la mobilisation ne doit pas faiblir. Les syndicats <strong>SNUDI-FO<\/strong>, <strong>FSU-SNUipp et<\/strong>\u00a0<strong>SE-UNSA<\/strong>, appellent \u00e0 un rassemblement le vendredi 13 mars \u00e0 8h devant la Direction Acad\u00e9mique pendant le groupe de travail sur la d\u00e9partementalisation du remplacement pour exiger :<\/p>\n<p>&#8211; <strong>Le maintien des Titulaires Rempla\u00e7ants avec la circonscription comme zone d\u2019intervention<\/strong>\u00a0; c\u2019est le poste qu\u2019ils ont obtenu au mouvement\u00a0!<\/p>\n<p>&#8211; <strong>Le maintien des Brigades de Formation Continue<\/strong>\u00a0; maintien de la Formation continue sur le temps d\u2019enseignement\u00a0!<\/p>\n<p>&#8211; <strong>La cr\u00e9ation de postes de TR pour la rentr\u00e9e 2026<\/strong> pour en finir avec les probl\u00e8mes de remplacement qui minent notre \u00c9cole publique.<\/p>\n<p>Nous demandons aussi une audience au Directeur Acad\u00e9mique le vendredi 13 mars.<\/p>\n<p class=\"ydp5dcf4c35yiv5647302076MsoNormal\">\u200bPour le Bureau D\u00e9partemental du SNUDI-FO 84,<br \/>\nThomas BARATEGUI<br \/>\n\u200bSNUDI-FO Vaucluse \u2013 20 Avenue Monclar, 84004 Avignon<\/p>\n<p>&nbsp;<\/p>\n<\/div>\n<\/div>\n<\/div>\n<\/div>\n<\/div>\n<\/div>\n","protected":false},"excerpt":{"rendered":"<p>Non \u00e0 la Protection Sociale Compl\u00e9mentaire obligatoire ! P\u00e9tition nationale de la FNEC FP-FO L\u2019accord du 8 avril 2024 sur la Protection Sociale Compl\u00e9mentaire, entr\u00e9 en vigueur le 1er mai dernier, impose \u00e0 tous les agents l\u2019adh\u00e9sion obligatoire au volet sant\u00e9 du contrat PSC et le d\u00e9couplage sant\u00e9\/pr\u00e9voyance. La FNEC&#8230;<br \/><a class=\"read-more-button\" href=\"https:\/\/snudifo84.com\/\">Read more<\/a><\/p>\n","protected":false},"author":1,"featured_media":0,"parent":0,"menu_order":0,"comment_status":"closed","ping_status":"closed","template":"","meta":{"footnotes":""},"class_list":["post-483","page","type-page","status-publish","hentry"],"_links":{"self":[{"href":"https:\/\/snudifo84.com\/index.php\/wp-json\/wp\/v2\/pages\/483","targetHints":{"allow":["GET"]}}],"collection":[{"href":"https:\/\/snudifo84.com\/index.php\/wp-json\/wp\/v2\/pages"}],"about":[{"href":"https:\/\/snudifo84.com\/index.php\/wp-json\/wp\/v2\/types\/page"}],"author":[{"embeddable":true,"href":"https:\/\/snudifo84.com\/index.php\/wp-json\/wp\/v2\/users\/1"}],"replies":[{"embeddable":true,"href":"https:\/\/snudifo84.com\/index.php\/wp-json\/wp\/v2\/comments?post=483"}],"version-history":[{"count":734,"href":"https:\/\/snudifo84.com\/index.php\/wp-json\/wp\/v2\/pages\/483\/revisions"}],"predecessor-version":[{"id":4448,"href":"https:\/\/snudifo84.com\/index.php\/wp-json\/wp\/v2\/pages\/483\/revisions\/4448"}],"wp:attachment":[{"href":"https:\/\/snudifo84.com\/index.php\/wp-json\/wp\/v2\/media?parent=483"}],"curies":[{"name":"wp","href":"https:\/\/api.w.org\/{rel}","templated":true}]}}

<div class="moz-forward-container">
<div class="moz-forward-container">
<div class="moz-forward-container">
<div id="content" class="hentry">
<div class="content-headline" style="text-align: center;">
<div class="xdj266r x14z9mp xat24cr x1lziwak x1vvkbs x126k92a">
<h1>Non à la Protection Sociale Complémentaire obligatoire ! Pétition nationale de la FNEC FP-FO</h1>
</div>
<p><a href="https://www.fo-fnecfp.fr/petition-psc/"><img loading="lazy" decoding="async" class="aligncenter wp-image-4436 size-large" src="https://snudifo84.com/wp-content/uploads/2026/09/214dd500-11c1-4ec7-8dde-02303d402de3-1024x576.png" alt="" width="734" height="413" srcset="https://snudifo84.com/wp-content/uploads/2026/09/214dd500-11c1-4ec7-8dde-02303d402de3-1024x576.png 1024w, https://snudifo84.com/wp-content/uploads/2026/09/214dd500-11c1-4ec7-8dde-02303d402de3-300x169.png 300w, https://snudifo84.com/wp-content/uploads/2026/09/214dd500-11c1-4ec7-8dde-02303d402de3-768x432.png 768w, https://snudifo84.com/wp-content/uploads/2026/09/214dd500-11c1-4ec7-8dde-02303d402de3-1536x864.png 1536w, https://snudifo84.com/wp-content/uploads/2026/09/214dd500-11c1-4ec7-8dde-02303d402de3-1170x658.png 1170w, https://snudifo84.com/wp-content/uploads/2026/09/214dd500-11c1-4ec7-8dde-02303d402de3.png 1672w" sizes="auto, (max-width: 734px) 100vw, 734px" /></a></p>
<div class="xdj266r x14z9mp xat24cr x1lziwak x1vvkbs x126k92a">
<div class="moz-signature">
<p>L’accord du 8 avril 2024 sur la Protection Sociale Complémentaire, entré en vigueur le 1er mai dernier, impose à tous les agents l’adhésion obligatoire au volet santé du contrat PSC et le découplage santé/prévoyance. La FNEC FP-FO est la seule organisation syndicale à avoir refusé de le signer. En effet, la mise en place de cette PSC est une grave remise en cause du principe de solidarité de la Sécurité sociale de 1945 : cotiser selon ses moyens et recevoir selon ses besoins. Face à la précarisation des personnels, c’est au contraire vers le 100% Sécu qu’il faut tendre.</p>
<p><b>Nous ne voulons pas de l’adhésion obligatoire à la PSC !</b><br />
<b>Nous exigeons la dénonciation de l’accord !<br />
</b><strong>Nous voulons :</strong></p>
</div>
<p>✅La liberté d’adhésion à la complémentaire</p>
<p>✅Le couplage santé-prévoyance : nous refusons de payer deux cotisations qui engendrent des coûts supplémentaires</p>
<p>✅Une meilleure et la même couverture pour tous selon le principe de solidarité : pas d’options pour être mieux remboursés !</p>
<p>❌Nous refusons tout questionnaire de santé, toute exclusion de pathologie ou surcotisation.</p>
<p>✅Le respect de notre volonté : aucune option imposée ! Pas de prévoyance individuelle imposée !</p>
<p>✅Pour les maîtres du privé sous contrat, le maintien de leur prévoyance dans les conditions de l’accord de 2012.</p>
<p>✅Le rétablissement de l’indemnisation à 100 % en cas d’arrêt maladie ! Abrogation du jour de carence !</p>
<p>L’accord sur la PSC peut être remis en question si 50% au moins des organisations syndicales signataires venaient à le dénoncer.</p>
<p>L’accord PSC doit être dénoncé et renégocié sur la base de la liberté d’adhésion à la complémentaire, garantissant le couplage santé-prévoyance, la solidarité entre agents, le même panier de soins pour tous sans système d’options ou de surcotisation !</p>
<p>Rejoignez les 10 858 signataires : signez la pétition : <a href="https://www.fo-fnecfp.fr/petition-psc/">https://www.fo-fnecfp.fr/petition-psc/</a></p>
<p>&nbsp;</p>
<hr />
<h1 class="ox-a96390b2ee-ox-cca84ae368-MsoNormal">Promotions à la Hors classe et à la classe exceptionnelle<br />
au titre de l&rsquo;année 2026</h1>
<p>&nbsp;</p>
<p>Comment est reclassé un collègue promu à la <strong>Hors-Classe</strong>, ou à la <strong>classe exceptionnelle</strong> ? Quelle est <strong>la grille du traitement</strong> ?</p>
<p>Le <strong><a href="https://buldep84.ac-aix-marseille.fr/index.php/accueil/details/id/687/p/1/ps/1/r/">Bulletin Départemental spécial N° 101 du 10 juillet 2026 </a></strong>est paru, ainsi que deux arrêtés; <strong><span style="color: #ff0000;">pour tout savoir :</span></strong></p>
<h2><a href="https://snudifo84.com/index.php/2026/07/10/promotions-a-la-hors-classe-et-a-la-classe-exceptionnelle-au-titre-de-lannee-2026/"><strong>Consultez notre article complet &gt; ici &lt; </strong></a></h2>
<h3><a href="https://snudifo84.com/index.php/2026/07/10/promotions-a-la-hors-classe-et-a-la-classe-exceptionnelle-au-titre-de-lannee-2026/"><img loading="lazy" decoding="async" class="alignnone wp-image-4405 size-full" src="https://snudifo84.com/wp-content/uploads/2026/07/Design-sans-titre-1.png" alt="" width="360" height="141" srcset="https://snudifo84.com/wp-content/uploads/2026/07/Design-sans-titre-1.png 360w, https://snudifo84.com/wp-content/uploads/2026/07/Design-sans-titre-1-300x118.png 300w" sizes="auto, (max-width: 360px) 100vw, 360px" /></a></h3>
<hr />
<div class="x14z9mp xat24cr x1lziwak x1vvkbs xtlvy1s x126k92a">
<div dir="auto"><img loading="lazy" decoding="async" class="alignnone size-large wp-image-4253" style="font-family: Oswald, Arial, Helvetica, sans-serif; font-size: 27px;" src="https://snudifo84.com/wp-content/uploads/2026/04/bandeau-CDEN-2026-1-1024x323.png" alt="" width="734" height="232" srcset="https://snudifo84.com/wp-content/uploads/2026/04/bandeau-CDEN-2026-1-1024x323.png 1024w, https://snudifo84.com/wp-content/uploads/2026/04/bandeau-CDEN-2026-1-300x95.png 300w, https://snudifo84.com/wp-content/uploads/2026/04/bandeau-CDEN-2026-1-768x242.png 768w, https://snudifo84.com/wp-content/uploads/2026/04/bandeau-CDEN-2026-1.png 1098w" sizes="auto, (max-width: 734px) 100vw, 734px" /></div>
</div>
<div dir="auto">La carte scolaire voulue par le Dasen pour la rentrée 2026 : <span class="html-span xdj266r x14z9mp xat24cr x1lziwak xexx8yu xyri2b x18d9i69 x1c1uobl x1hl2dhg x16tdsg8 x1vvkbs"><a class="x1i10hfl xjbqb8w x1ejq31n x18oe1m7 x1sy0etr xstzfhl x972fbf x10w94by x1qhh985 x14e42zd x9f619 x1ypdohk xt0psk2 x3ct3a4 xdj266r x14z9mp xat24cr x1lziwak xexx8yu xyri2b x18d9i69 x1c1uobl x16tdsg8 x1hl2dhg xggy1nq x1a2a7pz xkrqix3 x1sur9pj x1fey0fg x1s688f" tabindex="0" role="link" href="https://snudifo84.com/wp-content/uploads/2026/04/FO-informe.pdf?fbclid=IwZXh0bgNhZW0CMTAAYnJpZBEwc2dQMHYyYTdMWmJIQklORnNydGMGYXBwX2lkEDIyMjAzOTE3ODgyMDA4OTIAAR45o1jY-U0Qf5XgzfJNkz6B8lqRz4_Cl2k0-cy7l_EjMK3yOXMXePE8ZLCn9w_aem_OU_MMC1wRf1VYMZRUiXtgQ" target="_blank" rel="nofollow noopener noreferrer">https://snudifo84.com/wp&#8230;/uploads/2026/04/FO-informe.pdf</a></span></div>
<h2 dir="auto">Pour FO, le combat engagé contre des fermetures, pour des ouvertures continue. Que le Pouvoir se le dise, ni le CSA, ni le CDEN du 9 avril ne marqueront la fin de la mobilisation !</h2>
<div dir="auto"></div>
<div dir="auto">Lire notre <a href="https://snudifo84.com/index.php/2026/04/10/preparation-de-la-rentree-2026-compte-rendu-de-mandat-des-representants-fo/">compte-rendu complet</a> <a href="https://snudifo84.com/index.php/2026/04/10/preparation-de-la-rentree-2026-compte-rendu-de-mandat-des-representants-fo/">&gt;ici&lt;</a></div>
</div>
<hr />
<h1><strong>Contre la départementalisation du remplacement :<br />
Signez et faites signer la pétition !<br />
<a href="https://snudifo84.com/wp-content/uploads/2026/02/Appel-Petition-pour-le-maintien-des-TR-et-BDFC.pdf">à télécharger ici</a> et à renvoyer au syndicat</strong></h1>
<p>&nbsp;</p>
<div class="content-headline" style="text-align: center;">Nous sommes tous concernés par le projet de départementalisation, ne laissons pas nos collègues TR et BD isolés<br />
Pétitions à retourner à : snudi.fo84@free.fr ou SNUDI-FO BP 80010 &#8211; 84004 Avignon cedex 1<br />
<strong>A ce jour le SNUDI-FO a déjà recueilli 553 signatures. On continue, on lâche rien !</strong></p>
<h1><strong>A l&rsquo;appel du SNUDI-FO, de la FSU-SNUipp et du SE-UNSA<br />
Grève et rassemblement </strong><strong>vendredi 13 mars </strong><br />
<strong>devant la Direction Académique pendant le groupe de travail<br />
sur la départementalisation du remplacement :</strong></h1>
<div style="width: 734px;" class="wp-video"><video class="wp-video-shortcode" id="video-483-1" width="734" height="413" preload="metadata" controls="controls"><source type="video/mp4" src="https://snudifo84.com/wp-content/uploads/2026/03/video-TR-BD-13-mars-2026.mp4?_=1" /><a href="https://snudifo84.com/wp-content/uploads/2026/03/video-TR-BD-13-mars-2026.mp4">https://snudifo84.com/wp-content/uploads/2026/03/video-TR-BD-13-mars-2026.mp4</a></video></div>
<p>&nbsp;</p>
<p>Chers collègues,</p>
<p>Le projet de départementalisation du remplacement et de fusion des TR et Brigades suit son cours du côté de l&rsquo;administration. Face à cette volonté de casser nos statuts et de flexibiliser nos conditions de travail, la mobilisation ne doit pas faiblir. Les syndicats <strong>SNUDI-FO</strong>, <strong>FSU-SNUipp et</strong> <strong>SE-UNSA</strong>, appellent à un rassemblement le vendredi 13 mars à 8h devant la Direction Académique pendant le groupe de travail sur la départementalisation du remplacement pour exiger :</p>
<p>&#8211; <strong>Le maintien des Titulaires Remplaçants avec la circonscription comme zone d’intervention</strong> ; c’est le poste qu’ils ont obtenu au mouvement !</p>
<p>&#8211; <strong>Le maintien des Brigades de Formation Continue</strong> ; maintien de la Formation continue sur le temps d’enseignement !</p>
<p>&#8211; <strong>La création de postes de TR pour la rentrée 2026</strong> pour en finir avec les problèmes de remplacement qui minent notre École publique.</p>
<p>Nous demandons aussi une audience au Directeur Académique le vendredi 13 mars.</p>
<p class="ydp5dcf4c35yiv5647302076MsoNormal">​Pour le Bureau Départemental du SNUDI-FO 84,<br />
Thomas BARATEGUI<br />
​SNUDI-FO Vaucluse – 20 Avenue Monclar, 84004 Avignon</p>
<p>&nbsp;</p>
</div>
</div>
</div>
</div>
</div>
</div>

<p>Non à la Protection Sociale Complémentaire obligatoire ! Pétition nationale de la FNEC FP-FO L’accord du 8 avril 2024 sur la Protection Sociale Complémentaire, entré en vigueur le 1er mai dernier, impose à tous les agents l’adhésion obligatoire au volet santé du contrat PSC et le découplage santé/prévoyance. La FNEC&#8230;<br /><a class="read-more-button" href="https://snudifo84.com/">Read more</a></p>
